isor of h and 2.
2
Suppose 0 = 3*x - q - 4 - 10, 3*x + q - 22 = 0. Suppose -3*i = x*i - 36. What is the highest common factor of 5 and i?
1
Suppose z + 5*s = -17, 3*z - 4*z = -2*s - 11. Let p be ((-3)/6)/(z/(-36)). Let k = 5 + p. Calculate the highest common divisor of 77 and k.
11
Let f be ((-4240)/(-50))/(2/5). What is the greatest common factor of f and 53?
53
Let j(i) = 5*i**2 - 18*i - 72. Let t be j(-9). Calculate the highest common divisor of t and 225.
45
Let k(s) = -s**2 + 11*s - 20. Let q be k(8). Let w(p) = p + 5. Let m be w(q). What is the greatest common factor of 6 and m?
3
Let c = 18 + -15. Let x be (-1 - -4)*8/c. Let s(o) = -o**3 + 7*o**2 + 9*o. Let a be s(x). Calculate the greatest common divisor of a and 2.
2
Let m be ((-594)/(-36))/((-2)/24). Let w = 387 + m. What is the highest common divisor of w and 21?
21
Let a = -496 - -512. Calculate the greatest common divisor of a and 104.
8
Suppose 316 = f + 19*b - 23*b, -5*f = -5*b - 1595. What is the highest common factor of f and 20?
20
Let x be (2/(-4))/(7/14). Let k = 8 + x. What is the highest common divisor of 35 and k?
7
Suppose -5*f - f = 0. Suppose -2*p - 3*p + 25 = f. What is the greatest common divisor of 20 and p?
5
Let t(p) = -5*p + 53. Let k(f) = -3*f + 54. Let g(a) = 3*k(a) - 2*t(a). Let c be g(-12). Calculate the highest common divisor of c and 22.
22
Let b be ((-12)/36)/(2/(-24)). Suppose -b*p - 75 = -5*i, -p = 2*p + 15. What is the greatest common factor of i and 22?
11
Let c(a) = -31 + 19*a - 7 + 0*a**2 + a**2 - 2. Let v be c(-21). Calculate the highest common factor of v and 4.
2
Let p = -52 - -55. Suppose -91 = -x - g + 2*g, -p*x = 5*g - 249. Calculate the highest common divisor of 8 and x.
8
Suppose -12*t - 496 = -16*t. Suppose -d - 3*d + t = 0. Suppose 39*h + 558 = 42*h. What is the highest common divisor of h and d?
31
Suppose 2*a - 35 - 239 = -5*i, -5*i = -a + 122. What is the greatest common factor of 12 and a?
12
Let l be (17 - 15)*(-1 - -8). Let t(c) = -c**3 + 6*c**2 + 8*c - 9. Let y be t(5). Calculate the greatest common factor of l and y.
14
Suppose -3*p + 40 = -56. Let k = 638 - 590. Calculate the highest common factor of k and p.
16
Let j be 15*3/(18/2). Suppose -h = 2*h - 150. What is the greatest common divisor of j and h?
5
Let f(y) = y**2 + 5*y + 11. Let d(m) = m**3 + 15*m**2 - 16*m - 5. Let r be d(-16). Let q be f(r). Calculate the greatest common factor of q and 99.
11
Let v(t) = t - 29. Suppose 0 = 4*d - 6*d. Let a be v(d). Let o = a - -39. What is the greatest common divisor of o and 90?
10
Let j = 63 + -9. Suppose v = 3*h - j - 28, -39 = -h - 2*v. Let i = 104 - h. Calculate the greatest common divisor of 50 and i.
25
Let n(f) = -3*f + 12. Let p be n(-7). Let t = 49 - p. What is the highest common divisor of t and 24?
8
Let r = 106 - 45. Let p = -1 + r. Calculate the highest common factor of p and 24.
12
Let r = -63 - -840. What is the greatest common divisor of r and 21?
21
Suppose 0 = -k, 3*u = -5*k + 2 + 4. Suppose 0 = u*n - 16 + 4. Let o be (-30)/(-3) + n/(-2). What is the greatest common divisor of o and 63?
7
Let j be ((-28)/(-35))/(4/10). Suppose -r - 14 = c, -4*c + 12 = 3*r + 59. Let b be (-456)/r - j/(-6). Calculate the highest common divisor of 17 and b.
17
Suppose -2*p = -2*x + 360, 39*x - 4*p = 44*x - 918. What is the greatest common divisor of x and 56?
14
Suppose -2*z - 32 = -4*k, k - 24 = -5*z - 5. Let p = 11 - k. Let g = 9 - 5. Calculate the greatest common divisor of p and g.
2
Let d be 10/(-35) - 108/14. Let p(b) = 2*b**2 + 12*b - 9. Let f be p(d). Calculate the highest common factor of 161 and f.
23
Let y(c) = 15*c**2 + c. Let g be 8/(-36) - (-22)/18. Let s be y(g). What is the greatest common divisor of 40 and s?
8
Let y = 39 - 37. Suppose -z + 3*m + 43 + 43 = 0, z = y*m + 84. Calculate the greatest common factor of z and 32.
16
Let x = 124 - 121. Suppose -4*b - 5*c = -164, 41 = x*b - 2*b + 5*c. What is the highest common factor of 287 and b?
41
Suppose 12*h = -259 + 2467. Calculate the highest common factor of 8 and h.
8
Suppose 5*q = -3*a + 8*a - 100, 0 = -2*a + 5*q + 55. Let i be (-10)/40 + (-13)/(-4). Suppose i*x - x - 6 = 0. Calculate the greatest common factor of x and a.
3
Let h(c) = c + 290. Let w be h(-15). What is the highest common factor of 5 and w?
5
Let d = -20 - -8. Let o be 36/15*(-160)/d. Calculate the highest common divisor of 48 and o.
16
Suppose -5 = 2*w - 5*g - 47, 4*w - 104 = 5*g. Calculate the highest common divisor of 31 and w.
31
Let p(l) be the second derivative of -l**5/20 - l**4 - 5*l**3/2 - 5*l**2 - 3*l. Let v be p(-11). What is the greatest common factor of v and 51?
17
Suppose -o = -1, -2*i = -8*o + 12*o - 526. Suppose -4*u + 5*w + 96 = 0, 0 = 3*u + w - 3*w - 79. What is the greatest common factor of i and u?
29
Suppose 340*o + 96 = 343*o. What is the highest common divisor of o and 864?
32
Let u(g) = g**3 - 28*g**2 + 64. Let b be u(28). Calculate the greatest common factor of b and 4.
4
Suppose -3*n + 116 + 274 = 0. Let r(u) = -u. Let a(o) = -28*o - 1. Let s(g) = -a(g) + 3*r(g). Let v be s(1). What is the highest common factor of n and v?
26
Suppose 4*j - 91 = -q, 5*q + 0*q = -5*j + 125. Let a be 155 + 0 + (17 - j). Calculate the greatest common divisor of 30 and a.
30
Let m be ((-192)/20)/(33/(-220)). What is the highest common factor of 8 and m?
8
Let d be 124806/231 + (-2)/7. What is the greatest common factor of 24 and d?
12
Let w(v) = -2*v**3 - 7*v**2 - v - 6. Let p be w(-6). Suppose -37*n = -13*n + 54*n - 1560. Calculate the highest common divisor of p and n.
20
Let z = 56 - 51. Suppose -d + 912 = z*d. What is the highest common factor of d and 19?
19
Let g(f) = 2*f**2 + 9*f - 1. Let s be g(6). Let m = 542 + -492. Calculate the highest common factor of m and s.
25
Let g be (-1 - -1)/((-16)/16). Suppose -s = -g*s + 2*m, 5*s - 75 = 5*m. Calculate the greatest common factor of s and 25.
5
Let y = 7 - 3. Suppose 4*d + 16 = 0, -y*d + 24 = s - 6*d. Let x be ((4 + 2)/3)/((-2)/(-112)). Calculate the greatest common factor of s and x.
16
Let v = -23 - -25. Suppose -5*b = 4*p - b - 212, 3*p + v*b = 161. Let g be (3 + -2 - 3) + 13. Calculate the greatest common factor of p and g.
11
Let x = 41 - 39. Let b be 9*2/12*x. What is the highest common divisor of 3 and b?
3
Let o = -2 + 7. Suppose w = -4*g + 24, -4*w + 2*w + 5*g = 17. Suppose w*q = -o*r + r + 76, -33 = -2*q - r. What is the greatest common divisor of q and 154?
14
Let s = 5 - -9. Suppose 0 = o + i + 48, -5*o = -i - i + 226. Let y = 116 + o. Calculate the highest common divisor of y and s.
14
Suppose 0 = -4*b + 103 - 23. Let y(j) = j**3 - 21*j**2 + 24*j - 24. Let l be y(b). What is the greatest common factor of 14 and l?
14
Let x be ((-22)/55)/(2/(-400)). What is the highest common divisor of x and 280?
40
Suppose 10*i - 20 = 5*i. Suppose 156 = -i*t + 728. Let a = -83 + t. Calculate the greatest common divisor of a and 24.
12
Let q be -5 + 2109/12 + (-5)/(-20). What is the highest common factor of q and 152?
19
Suppose -6*a + 2*c + 43 = -a, -3*c - 26 = -2*a. Suppose 0 = -4*h, -w = -2*h - a - 5. What is the highest common factor of 12 and w?
12
Let r = 105 - -10. Suppose -r = -14*p + 277. What is the highest common divisor of p and 35?
7
Let y be 1 + (-22)/(2/1). Let u = y + 19. What is the greatest common factor of 9 and u?
9
Let t be (12/(-10))/(-12 + (-17798)/(-1485)). Let i = 44 + -17. Calculate the highest common divisor of t and i.
27
Let s = -1529 + 3201. Suppose 5*q = 13*q - s. What is the greatest common factor of q and 19?
19
Let l = 73 - -92. Suppose 5*v - 203 + 53 = 0. Suppose -2*b + v = -0*b. Calculate the greatest common divisor of l and b.
15
Let c be (-5 + -4)/((-1)/(-1)). Let i = c - -11. Suppose -352 = -6*v + i*v. Calculate the greatest common factor of v and 11.
11
Let i = 56 + -16. Let t = i - 25. What is the greatest common factor of t and 3?
3
Suppose -20 = -3*j - 2*j. Let a(v) = 3*v**3 + 2*v**2 - v. Let w be a(1). Suppose -9*f + 100 = -w*f. Calculate the highest common factor of f and j.
4
Let m(s) = 9 - 105*s**3 - s**2 + 54*s**3 + 50*s**3 - 3*s. Let z be m(0). Calculate the greatest common divisor of z and 36.
9
Let h(l) = 3*l**2 + 227*l - 43. Let m be h(-76). What is the greatest common factor of m and 1133?
11